 112498637?
2
What is the millions digit of 22430801?
2
What is the tens digit of 80800269?
6
What is the ten millions digit of 620290490?
2
What is the millions digit of 78870573?
8
What is the thousands digit of 359753208?
3
What is the units digit of 31579763?
3
What is the thousands digit of 176513444?
3
What is the thousands digit of 258434691?
4
What is the ten thousands digit of 159330495?
3
What is the ten millions digit of 1751122921?
5
What is the ten thousands digit of 281117712?
1
What is the ten thousands digit of 80347536?
4
What is the hundred thousands digit of 45250530?
2
What is the hundred thousands digit of 19501912?
5
What is the hundreds digit of 3544304679?
6
What is the hundreds digit of 149941904?
9
What is the millions digit of 155870570?
5
What is the ten thousands digit of 39636470?
3
What is the tens digit of 2359381709?
0
What is the thousands digit of 50334305?
4
What is the thousands digit of 785527930?
7
What is the ten thousands digit of 354252282?
5
What is the hundred millions digit of 5628734006?
6
What is the tens digit of 250933174?
7
What is the millions digit of 40708483?
0
What is the hundred thousands digit of 64932007?
9
What is the billions digit of 2234785172?
2
What is the units digit of 1113111829?
9
What is the hundred millions digit of 100545551?
1
What is the hundred millions digit of 2243168209?
2
What is the ten thousands digit of 774690021?
9
What is the hundred millions digit of 1783673110?
7
What is the hundred thousands digit of 417456119?
4
What is the hundred millions digit of 310018368?
3
What is the tens digit of 516513972?
7
What is the thousands digit of 3099033878?
3
What is the hundreds digit of 321861742?
7
What is the tens digit of 415781628?
2
What is the hundred thousands digit of 578418238?
4
What is the ten thousands digit of 423714172?
1
What is the thousands digit of 325465617?
5
What is the hundred thousands digit of 3784082147?
0
What is the units digit of 154486306?
6
What is the ten millions digit of 92435667?
9
What is the ten millions digit of 2918202651?
1
What is the tens digit of 62175411?
1
What is the hundred millions digit of 2056464764?
0
What is the tens digit of 225566135?
3
What is the hundred thousands digit of 250353004?
3
What is the units digit of 148806738?
8
What is the hundreds digit of 383976641?
6
What is the ten thousands digit of 83810807?
1
What is the units digit of 8194709?
9
What is the hundred thousands digit of 50053251?
0
What is the thousands digit of 714056331?
6
What is the ten thousands digit of 182095457?
9
What is the ten thousands digit of 120167404?
6
What is the hundred thousands digit of 30438365?
4
What is the hundred thousands digit of 368645138?
6
What is the hundred millions digit of 927370087?
9
What is the hundred thousands digit of 10199710?
1
What is the hundred thousands digit of 66332901?
3
What is the hundreds digit of 47796404?
4
What is the thousands digit of 111422444?
2
What is the ten thousands digit of 2156488249?
8
What is the units digit of 65302761?
1
What is the tens digit of 22461192?
9
What is the millions digit of 1318092585?
8
What is the thousands digit of 91113738?
3
What is the hundred millions digit of 706167475?
7
What is the hundred thousands digit of 319330861?
3
What is the ten millions digit of 135772238?
3
What is the tens digit of 60652721?
2
What is the tens digit of 604984272?
7
What is the hundreds digit of 1917218953?
9
What is the hundreds digit of 119783784?
7
What is the hundred thousands digit of 58843886?
8
What is the thousands digit of 300411486?
1
What is the millions digit of 500489830?
0
What is the hundreds digit of 4933824037?
0
What is the units digit of 58565383?
3
What is the thousands digit of 196839575?
9
What is the hundreds digit of 109282027?
0
What is the billions digit of 2540188282?
2
What is the ten thousands digit of 88937944?
3
What is the ten millions digit of 109689905?
0
What is the tens digit of 833389051?
5
What is the tens digit of 1410227584?
8
What is the ten thousands digit of 6680587468?
8
What is the units digit of 42737747?
7
What is the units digit of 123024427?
7
What is the ten thousands digit of 113649761?
4
What is the thousands digit of 294166485?
6
What is the tens digit of 48839649?
4
What is the ten thousands digit of 32023702?
2
What is the tens digit of 61820332?
3
What is the ten millions digit of 895414343?
9
What is the hundred thousands digit of 93806518?
8
What is the hundreds digit of 2956148236?
2
What is the hundreds digit of 84085497?
4
What is the thousands digit of 1040467085?
7
What is the tens digit of 578679350?
5
What is the ten thousands digit of 7355581477?
8
What is the thousands digit of 42637888?
7
What is the units digit of 52425028?
8
What is the hundreds digit of 530273001?
0
What is the ten thousands digit of 2818715812?
1
What is the ten thousands digit of 3079016614?
1
What is the ten thousands digit of 862222705?
2
What is the ten millions digit of 418146510?
1
What is the tens digit of 382836088?
8
What is the millions digit of 3236845640?
6
What is the millions digit of 1402662050?
2
What is the tens digit of 112578619?
1
What is the tens digit of 400267117?
1
What is the ten thousands digit of 65219401?
1
What is the hundred millions digit of 159540126?
1
What is the hundred thousands digit of 37005567?
0
What is the ten thousands digit of 468753994?
5
What is the billions digit of 3322613801?
3
What is the units digit of 61717383?
3
What is the millions digit of 217274492?
7
What is the hundred thousands digit of 1618106675?
1
What is the millions digit of 5202470262?
2
What is the ten millions digit of 122530568?
2
What is the billions digit of 8516062807?
8
What is the thousands digit of 320843614?
3
What is the hundred thousands digit of 1822852035?
8
What is the hundred thousands digit of 486271674?
2
What is the hundred thousands digit of 6335726?
3
What is the thousands digit of 84285241?
5
What is the hundred millions digit of 2852916947?
8
What is the hundreds digit of 63780321?
3
What is the hundred thousands digit of 62676715?
6
What is the tens digit of 2132768795?
9
What is the hundred thousands digit of 1554708081?
7
What is the units digit of 40778797?
7
What is the hundred thousands digit of 795603292?
6
What is the units digit of 115104398?
8
What is the hundreds digit of 24639379?
3
What is the billions digit of 2440316624?
2
What is the millions digit of 185012639?
5
What is the tens digit of 872975209?
0
What is the tens digit of 13159184?
8
What is the thousands digit of 105461833?
1
What is the millions digit of 137590923?
7
What is the thousands digit of 73907903?
7
What is the hundred thousands digit of 13715068?
7
What is the hundreds digit of 223117459?
4
What is the ten thousands digit of 524072307?
7
What is the millions digit of 2091877938?
1
What is the hundred millions digit of 2285600111?
2
What is the units digit of 20672570?
0
What is the hundred thousands digit of 1242892315?
8
What is the millions digit of 62350377?
2
What is the hundreds digit of 483920686?
6
What is the units digit of 753096788?
8
What is the ten thousands digit of 517750897?
5
What is the tens digit of 75426481?
8
What is the hundreds digit of 454421341?
3
What is the thousands digit of 167209342?
9
What is the millions digit of 23735955?
3
What is the units digit of 222874405?
5
What is the hundred thousands digit of 46362775?
3
What is the millions digit of 8118242?
8
What is the hundred millions digit of 533830735?
5
What is the hundred thousands digit of 509157388?
1
What is the hundred thousands digit of 16763077?
7
What is the thousands digit of 649356232?
6
What is the hundred thousands digit of 3908291193?
2
What is the units digit of 9303525?
5
What is the millions digit of 607406048?
7
What is the ten thousands digit of 123162013?
6
What is the millions digit of 2447163769?
7
What is the units digit of 338518180?
0
What is the millions digit of 1177527?
1
What is the tens digit of 5893734?
3
What is the hundred millions digit of 5699852455?
6
What is the ten thousands digit of 368491480?
9
What is the thousands digit of 219306772?
6
What is the hundred millions digit of 4818874117?
8
What is 